me?
False
Is 10480558357 prime?
True
Is 43634579011 composite?
False
Is 21779944331 a prime number?
True
Is 22357599743 prime?
False
Is 37406708663 a composite number?
False
Is 290819723 composite?
False
Is 39529703687 a composite number?
True
Is 5884349813 a prime number?
True
Is 94333462673 a composite number?
False
Is 37082447 a composite number?
True
Is 30126260251 a composite number?
False
Is 941399 a prime number?
False
Is 204982153 composite?
False
Is 162286800661 a prime number?
True
Is 26695482005 a composite number?
True
Is 4274897099 a composite number?
True
Is 325007713 a prime number?
False
Is 9585313603 composite?
True
Is 10147915381 a composite number?
True
Is 688832583 composite?
True
Is 50578061 prime?
False
Is 2964845969 a composite number?
False
Is 1704348785 composite?
True
Is 664901519 a composite number?
False
Is 3720701791 a composite number?
True
Is 60919985641 composite?
False
Is 1031035051 a prime number?
True
Is 18941507719 a composite number?
True
Is 7208844287 a prime number?
True
Is 60245233123 a composite number?
False
Is 540232751 a composite number?
False
Is 1044868309 a composite number?
True
Is 3896760509 prime?
True
Is 20236346027 prime?
False
Is 768729173 a prime number?
True
Is 345728573 a composite number?
True
Is 10452001577 a composite number?
True
Is 243717557 a composite number?
True
Is 81932281 a prime number?
False
Is 59217159131 prime?
False
Is 4570545697 prime?
False
Is 253723111 prime?
True
Is 2050465583 a composite number?
False
Is 3023484427 a prime number?
False
Is 8259392509 composite?
True
Is 20296678145 prime?
False
Is 61090319 composite?
True
Is 5010145633 a composite number?
True
Is 441436441 a prime number?
False
Is 122959783519 a prime number?
True
Is 12535653289 prime?
True
Is 2932500167 a composite number?
False
Is 10147843729 a prime number?
False
Is 96569895707 a prime number?
False
Is 39813296153 prime?
False
Is 2742893495 composite?
True
Is 9267205351 a composite number?
False
Is 69358252243 prime?
False
Is 244710619 prime?
True
Is 6051977929 a composite number?
False
Is 437207551 composite?
True
Is 678414797 a composite number?
False
Is 2138227891 composite?
True
Is 66537917 a prime number?
True
Is 2977838197 prime?
True
Is 33458705039 a composite number?
False
Is 236482613 composite?
True
Is 51865081 a composite number?
False
Is 9421773893 a prime number?
False
Is 799330533 prime?
False
Is 1635751057 composite?
False
Is 3704263711 a prime number?
True
Is 4597783903 a composite number?
False
Is 262418729 a prime number?
True
Is 5311247091 prime?
False
Is 93156737 a prime number?
False
Is 615458516249 composite?
False
Is 3211648289 a prime number?
True
Is 1301254553 composite?
False
Is 1627055663 prime?
False
Is 114695315899 a composite number?
False
Is 815516899 a prime number?
False
Is 368207149 a composite number?
True
Is 84884636857 a composite number?
False
Is 28671438727 prime?
True
Is 4660112389 prime?
True
Is 602173627 prime?
False
Is 2233946203 composite?
False
Is 7039854079 a prime number?
False
Is 56687491 a composite number?
True
Is 29156995313 composite?
False
Is 32661421733 prime?
True
Is 546924647 a composite number?
False
Is 1464063179 a prime number?
True
Is 477191717 a composite number?
True
Is 23093733941 a prime number?
True
Is 8586195313 composite?
False
Is 153744047 a prime number?
True
Is 12674329393 a prime number?
False
Is 4480590197 composite?
False
Is 1465606349 prime?
False
Is 1816761509 a prime number?
False
Is 1516306679 a prime number?
False
Is 6885466169 a composite number?
False
Is 37066678931 a prime number?
True
Is 607392547 a prime number?
False
Is 95428926611 prime?
True
Is 201671317 a composite number?
False
Is 30425651915 composite?
True
Is 42396323383 composite?
True
Is 5821075031 prime?
True
Is 1891496437 prime?
True
Is 20479329694 composite?
True
Is 104585639 a composite number?
False
Is 162935007 a prime number?
False
Is 138138564271 prime?
True
Is 93777370867 composite?
True
Is 276139447 composite?
False
Is 578183911 a prime number?
False
Is 1000832411 a prime number?
True
Is 20516769467 a composite number?
False
Is 798494909 composite?
False
Is 7902232787 a prime number?
True
Is 50124040247 composite?
True
Is 824644537 prime?
False
Is 4570891577 a composite number?
True
Is 943981013 a composite number?
False
Is 10674265318 composite?
True
Is 1919983433 a composite number?
True
Is 147407873 prime?
True
Is 147649559 prime?
False
Is 24355849431 a composite number?
True
Is 411038753 composite?
False
Is 300752971 a prime number?
False
Is 6291531059 a prime number?
False
Is 23891377057 prime?
False
Is 9777015109 a composite number?
False
Is 437082557 prime?
True
Is 6971677343 composite?
True
Is 1712170459 composite?
True
Is 19547878253 a prime number?
True
Is 214087777 composite?
True
Is 18541423193 prime?
False
Is 82368383 prime?
False
Is 387925189 prime?
True
Is 4877952767 composite?
False
Is 3524515487 composite?
False
Is 3900768307 composite?
False
Is 582646873 a composite number?
True
Is 9219026353 a prime number?
False
Is 9894634517 a prime number?
True
Is 1167477991 composite?
False
Is 30952295159 a prime number?
False
Is 7167820717 prime?
False
Is 5665831253 a prime number?
True
Is 2841176693 a prime number?
True
Is 1741715491 prime?
False
Is 1900181111 composite?
False
Is 1981995599 composite?
False
Is 1393673611 a prime number?
False
Is 941665856981 a composite number?
False
Is 7706246129 a composite number?
False
Is 243906913 a composite number?
False
Is 1232960809 prime?
True
Is 7555480063 prime?
False
Is 4640256223 composite?
False
Is 573852701 prime?
True
Is 724680989 a composite number?
True
Is 8992869827 prime?
True
Is 19522812269 a composite number?
True
Is 6839372413 composite?
False
Is 4249384169 a prime number?
True
Is 3554953757 a prime number?
False
Is 2409853033 composite?
True
Is 641686141 composite?
False
Is 10377114119 prime?
False
Is 363690247 composite?
True
Is 13316687467 prime?
True
Is 900697507 a composite number?
True
Is 428870807 a composite number?
False
Is 12839956729 composite?
False
Is 390502101757 composite?
True
Is 5472004271 prime?
True
Is 1393263541 prime?
True
Is 305710123 composite?
True
Is 8859763147 composite?
True
Is 247477037 a prime number?
True
Is 10156160737 a composite number?
True
Is 212828802649 a prime number?
False
Is 824063533 a composite number?
False
Is 63534731383 prime?
True
Is 1626812381 a prime number?
True
Is 182580766429 composite?
False
Is 2209497539 composite?
True
Is 944525969 a composite number?
True
Is 26185376291 composite?
False
Is 706370102471 composite?
True
Is 29957205977 a composite number?
False
Is 4042460053 composite?
True
Is 1512267803 a prime number?
False
Is 2968456331 a prime number?
True
Is 2011878997 composite?
True
Is 235987099 prime?
False
Is 988668119 composite?
False
Is 1681233719 composite?
True
Is 2592268241 a composite number?
False
Is 9410656583 composite?
False
Is 846885721 a prime number?
False
Is 192815554 prime?
False
Is 5491978529 prime?
False
Is 37393987 a composite number?
True
Is 4832194051 prime?
True
Is 426501539 composite?
False
Is 588724529 prime?
True
Is 1214397157 prime?
True
Is 4114394597 a composite number?
True
Is 378056743 composite?
True
Is 169455037 a composite number?
False
Is 5944394731 a prime number?
False
Is 5227262603 composite?
False
Is 59625763 a composite number?
False
Is 12134235121 prime?
True
Is 962556307 composite?
False
Is 1659266341 prime?
True
Is 81546449 a composite number?
False
Is 294082238269 composite?
False
Is 35242810177 prime?
False
Is 44964283043 a prime number?
False
Is 16481487961 prime?
True
Is 180199391 composite?
True
Is 38562701293 a prime number?
False
Is 6612748507 composite?
True
Is 3478967719 prime?
False
Is 8791185043 composite?
False
Is 92471641889 a prime number?
False
Is 5345798638 a prime number?
False
Is 1590981863 a composite number?
True
Is 1351731281 composite?
True
Is 1382341847 a composite number?
True
Is 1286460755 a prime number?
False
Is 10881712301 prime?
False
Is 1771286053 composite?
True
Is 496273541 prime?
True
Is 12325185993 a composite number?
True
Is 286965131 a composite number?
False
Is 574865267 a prime number?
True
Is 297263779 a prime number?
True
Is 3198158923 prime